 - -1). Let w be ((-12)/t)/((-1)/5). Suppose -450 = -19*c - 70. Calculate the greatest common factor of c and w.
4
Let k = 76 + 100. Let x be -24*((-1)/3 + 1/(-3)). Calculate the highest common divisor of k and x.
16
Suppose -10*v = -5*v - 15. Let m be (15/(-10))/(v/(-4)). Let a be (-20 - 13)/((-1)/m). Calculate the highest common factor of 6 and a.
6
Let v(a) = -a**3 + 8*a**2 + 9*a + 15. Let i(h) = h + 1. Let z(b) = 2*i(b) - v(b). Let j be z(9). Calculate the greatest common factor of j and 25.
5
Let j(a) = -a**3 + 13*a**2 - 7*a + 5. Let i be j(9). What is the greatest common divisor of i and 114?
38
Let m(v) = -6*v - 16. Let c be m(-3). Suppose -c*l + 6 - 2 = 0. What is the greatest common factor of l and 14?
2
Suppose 3*z + 5 = x - 0*x, 23 = 3*x - z. Let q(d) = d**3 - 8*d**2 + 3*d - 18. Let a be q(x). Calculate the highest common factor of a and 2.
2
Suppose -k + 165 = 6*x, -5*x + 6*k + 155 = k. Calculate the highest common divisor of x and 294.
14
Suppose 2*m + 3*j = 2, 0 = -3*m + 3*j - 3 + 6. Suppose 2*g = -2*p + 4*g + 26, -g = m. What is the greatest common factor of 108 and p?
12
Suppose -15 = -5*x - 5*v - 0*v, x + 2*v = 6. Suppose x = -2*f + 446 - 30. Let u be (3/4)/(2/f). Calculate the highest common factor of 52 and u.
26
Let b(c) be the second derivative of c**3/6 + 14*c**2 - 9*c. Let h be b(6). Calculate the highest common factor of h and 51.
17
Let x = 260 + -161. Calculate the greatest common factor of 63 and x.
9
Suppose 0 = -5*t - 3*a + 1635, 3*t - 418 = 2*a + 582. Calculate the greatest common divisor of t and 60.
30
Let n be 13/65 + 238/10 - 4. What is the greatest common divisor of 16 and n?
4
Let y be ((-396)/15)/((-1)/(-5)). Let w be (y/(-77))/((-4)/(-70)). Calculate the highest common factor of 12 and w.
6
Suppose 2*y - 5 = m - 110, 3*y + 161 = 5*m. Let c = -36 - y. Let x be ((-32)/6)/((-3)/63). Calculate the highest common factor of c and x.
16
Suppose -5*i + 505 - 320 = 0. Let q = 45 + i. Calculate the greatest common factor of 123 and q.
41
Let s = 14 + -2. Let o be (28/(-12))/((-1)/3). Let c = o - -1. Calculate the greatest common divisor of c and s.
4
Suppose 5*c - 5*p = 280, -14*c + 13*c - p + 56 = 0. What is the highest common divisor of 24 and c?
8
Let u(n) = n**2 - 15*n - 21. Let f be u(12). Let d = f - -85. Calculate the greatest common divisor of 98 and d.
14
Let m(d) = 6*d - 81. Let p be m(17). Calculate the greatest common divisor of 63 and p.
21
Suppose -3*o + 10*f = 6*f - 1708, 3*f - 591 = -o. Calculate the greatest common divisor of 72 and o.
72
Suppose 0 = -3*m, -5*b + 175 = -0*b + 3*m. Calculate the greatest common factor of 28 and b.
7
Suppose 0 = -b - 16 + 22. Suppose -3*h + 1 = 2*n, -b*h = -3*h + 9. Suppose n*j - 8*j + 228 = 0. What is the highest common divisor of 19 and j?
19
Suppose -58*g + 56*g = -84. What is the highest common divisor of g and 12?
6
Let p be (0 - 1 - -2) + 1. Let n(v) = -20*v**2 - 107*v - 54. Let k be n(-4). Calculate the highest common factor of k and p.
2
Let y be 2/9 + (-176)/(-18). Let b be (3 - 3)/(-4) + 330/3. Calculate the highest common factor of y and b.
10
Suppose -7*f - 1145 = -12*f. Suppose -5*z + 69 = u, -5*u + 0*z = -4*z - f. What is the greatest common factor of 7 and u?
7
Let a be 1 + -2*(1 + -11). Suppose -3*d - n - 603 = 2*d, 2*d + 3*n + 249 = 0. Let w = d + 309. Calculate the greatest common factor of w and a.
21
Suppose -4*f + 110 = 3*h, f + 104 = 5*h - 64. Suppose h*b - 39*b = -30. Calculate the highest common divisor of 48 and b.
6
Let u be 5726/8 + -5*24/160. Calculate the highest common factor of 65 and u.
65
Let d be (0 + 0)/(-6 + 5). Let q = d + 6. Let m = 22 - 13. What is the greatest common divisor of q and m?
3
Let p(o) = 6*o - 3. Let f be p(-2). Let k be (-845)/f + (-2)/6. Let r be 7/(-2)*(3 + -5). What is the greatest common factor of k and r?
7
Let v = -244 + 274. What is the greatest common factor of v and 18?
6
Suppose -4*q + 52 = 10*x - 9*x, 56 = 4*q + 2*x. What is the highest common divisor of q and 150?
6
Let w be 8*1 - (-2 + -1). Let n(f) = f**2 + 10*f + 1. Let k be n(-10). Suppose -t + k + w = 0. What is the highest common divisor of t and 36?
12
Let n(r) = -3*r**2 - 121*r + 54. Let g be n(-38). What is the highest common divisor of g and 10?
10
Suppose 1642*m - 1649*m + 1820 = 0. Calculate the greatest common divisor of m and 91.
13
Suppose 0 = -3*t + 4*s + 604, 38*s - 218 = -t + 36*s. What is the highest common divisor of t and 80?
16
Suppose 17*l - 15*l = 120. Suppose -152 - 448 = -4*p. Calculate the greatest common divisor of l and p.
30
Let n = -168 - -392. Suppose 64*w + n = 72*w. Calculate the greatest common divisor of 70 and w.
14
Let z be 3/(-2)*(-16)/12. Suppose j = 5*u - 2*u + 29, -u - 43 = -z*j. Calculate the highest common factor of j and 30.
10
Let j be ((-108)/7)/((-12)/280). Calculate the greatest common factor of j and 40.
40
Suppose 73 = 7*b - 235. What is the greatest common factor of 220 and b?
44
Let s be 2/6 + -1 + 70/105. Suppose 2 = 2*a, 3*a = q - s*q - 17. Calculate the greatest common factor of q and 140.
20
Let g be 4/1*(-336)/(-16). What is the highest common factor of g and 36?
12
Let v(z) = 6*z**2 + 4*z. Let m be v(-3). Let d be 3/18*7*(-230 + 242). Calculate the greatest common factor of m and d.
14
Suppose 36*q + 9600 = 51*q. Calculate the greatest common divisor of q and 20.
20
Let d = -76 - -80. Suppose 5*v - 108 = -7*g + d*g, 5*v - g - 124 = 0. What is the greatest common divisor of 216 and v?
24
Let a = -10 - -18. Suppose 511 = 4*w - 105. Let h = 242 - w. What is the highest common factor of h and a?
8
Suppose 1011 = 3*t + 6*x - 4*x, 5*t - 1687 = -4*x. What is the greatest common divisor of 536 and t?
67
Suppose 34*w - 200 = 72. What is the greatest common factor of w and 200?
8
Suppose 0 = -4*g - 4*d + 7948, -5*d = -5*g - 2*d + 9911. Calculate the greatest common factor of g and 31.
31
Let k be -6 - ((-46 - -1) + -9). Calculate the greatest common divisor of k and 42.
6
Suppose -30 + 7 = -2*c + 3*m, 0 = -m + 3. Suppose 2*p = 36 + 36. Let l = -12 + p. What is the highest common divisor of c and l?
8
Let a = -755 - -815. Let k(r) = -r**2 - 3*r + 3. Let c be k(-3). Let d = 18 - c. Calculate the greatest common factor of d and a.
15
Suppose -4*k + 425 = -295. Let t = 399 - 100. Let f = t - k. What is the highest common divisor of 17 and f?
17
Let o be (-1 + 34 - -2) + 10/((-90)/(-63)). Let x(w) = w**2 - 2*w - 2. Let b be x(4). Calculate the greatest common divisor of o and b.
6
Suppose -4*g - 3 + 15 = 0. Let d = -228 - -252. What is the greatest common divisor of g and d?
3
Let k(q) = -7*q + 50. Let t be k(7). Let j(x) = x**3 - 3*x**2 + x + 2. Let m be j(3). What is the highest common factor of m and t?
1
Let x = -599 - -610. Let k(l) = 25*l**2 + 3*l - 3. Let p be k(2). Suppose -5*y + 172 = -p. Calculate the greatest common factor of x and y.
11
Let w = 67 - 52. Let o(i) = -3*i - 3. Let c be o(-2). Calculate the greatest common factor of c and w.
3
Let k(l) = -l**2 - 12*l - 11. Let m(o) = -o - 5. Let g be m(4). Let t be k(g). Calculate the greatest common divisor of t and 176.
16
Let c be (-8)/(-44) - 40/(-22). Suppose 4*g = c*o + 242, -2*o + 0*o + 298 = 5*g. What is the highest common divisor of g and 90?
30
Let h(q) = q. Let y(i) = 31*i + 10. Let t(v) = h(v) - y(v). Let k be t(-4). What is the highest common factor of 44 and k?
22
Suppose 3*w - 6 = 3*t - 18, 5*t + 3*w - 28 = 0. What is the greatest common divisor of 2 and t?
1
Let l = -257 + 334. Calculate the highest common factor of 154 and l.
77
Let y be 10/7*(1 + 6). Let k = y + -6. Let u be (-32)/(-3) - k/(-12). Calculate the highest common divisor of u and 121.
11
Let f = -172 + 269. Suppose -j = -f + 72. Let u = 15 + -10. What is the highest common factor of j and u?
5
Let l be -4*(18/(-4) - -4). What is the greatest common factor of 10 and l?
2
Let d = -19 + 7. Let k = -2 - d. Calculate the greatest common factor of 20 and k.
10
Suppose -z = 2*x - 40, z - 16 + 86 = 3*x. Let b = 77 - x. Calculate the greatest common factor of b and 22.
11
Suppose -4*h + 20*h - 288 = 0. What is the greatest common factor of 72 and h?
18
Let d(t) = t**3 - 8*t**2 - 3*t + 11. Let s be d(9). Let n = 99 - s. What is the greatest common factor of n and 34?
34
Suppose 